{"id":1644,"date":"2021-01-25T19:45:29","date_gmt":"2021-01-25T18:45:29","guid":{"rendered":"http:\/\/www.sudeckakraina.pl\/?page_id=1644"},"modified":"2023-01-05T16:12:19","modified_gmt":"2023-01-05T15:12:19","slug":"wyslij-wiadomosc","status":"publish","type":"page","link":"https:\/\/www.sudeckakraina.pl\/index.php\/wyslij-wiadomosc\/","title":{"rendered":"ZAPISY NA WYDARZENIA"},"content":{"rendered":"<div id=\"pl-gb1644-69e014ed42dbb\"  class=\"panel-layout\" ><div id=\"pg-gb1644-69e014ed42dbb-0\"  class=\"panel-grid panel-has-style\" ><div class=\"siteorigin-panels-stretch panel-row-style panel-row-style-for-gb1644-69e014ed42dbb-0\" data-stretch-type=\"full\" ><div id=\"pgc-gb1644-69e014ed42dbb-0-0\"  class=\"panel-grid-cell panel-grid-cell-empty\" ><\/div><\/div><\/div><div id=\"pg-gb1644-69e014ed42dbb-1\"  class=\"panel-grid panel-has-style\" ><div class=\"siteorigin-panels-stretch panel-row-style panel-row-style-for-gb1644-69e014ed42dbb-1\" data-stretch-type=\"full\" ><div id=\"pgc-gb1644-69e014ed42dbb-1-0\"  class=\"panel-grid-cell\" ><div id=\"panel-gb1644-69e014ed42dbb-1-0-0\" class=\"so-panel widget widget_sow-editor panel-first-child panel-last-child\" data-index=\"0\" ><div\n\t\t\t\n\t\t\tclass=\"so-widget-sow-editor so-widget-sow-editor-base\"\n\t\t\t\n\t\t>\n<div class=\"siteorigin-widget-tinymce textwidget\">\n\t<h1><span style=\"color: #000000;\">CHCESZ ZAPISA\u0106 SI\u0118 LUB ZADA\u0106 PYTANIE?<\/span><\/h1>\n<p>&nbsp;<\/p>\n<p><span style=\"color: #333333;\">W celu zapisania si\u0119 lub zadania pytania nale\u017cy wype\u0142ni\u0107 poni\u017cszy formularz z odpowiednim tematem maila &#8211; KONIECZNIE Z TYTU\u0141EM WYDARZENIA\/ SPACERU ORAZ DAT\u0118, ILO\u015a\u0106 OS\u00d3B DOROS\u0141YCH I DZIECI<\/span><\/p>\n<p>ZAPISUJ\u0104C SI\u0118 NA WYDARZENIE ORGANIZOWANE PRZEZ B.T. SUDECKA KRAINA WYRA\u017bA PAN\/PANI ZGOD\u0118 NA:<\/p>\n<ol>\n<li>WARUNKI ZAWARTE W REGULAMINIE <a href=\"http:\/\/www.sudeckakraina.pl\/index.php\/regulamin\/\">(czytaj regulamin)<\/a><\/li>\n<li>PRZETWARZANIE DANYCH ODOBOWYCH. Dane osobowe przekazywane w ramach formularza kontaktowego przetwarzane s\u0105 w celu udzielenia odpowiedzi na wys\u0142ane za pomoc\u0105 formularza zapytanie. Podanie danych osobowych przez U\u017cytkownika jest dobrowolne, ale niezb\u0119dne, by U\u017cytkownik otrzyma\u0142 odpowied\u017a. Przetwarzanie danych w tym celu odbywa si\u0119 na podstawie prawnie uzasadnionego interesu realizowanego przez administratora. Dane te b\u0119d\u0105 przetwarzane do czasu zako\u0144czenia korespondencji zgodnie z <a href=\"http:\/\/www.sudeckakraina.pl\/index.php\/polityka-prywatnosci-rodo\/\">\u00a0Polityk\u0105 prywatno\u015bc<\/a>i.<\/li>\n<\/ol>\n<p>&nbsp;<\/p>\n<\/div>\n<\/div><\/div><\/div><\/div><\/div><\/div>\n\n<style>.wp-block-kadence-spacer.kt-block-spacer-_09b406-5a .kt-block-spacer{height:60px;}.wp-block-kadence-spacer.kt-block-spacer-_09b406-5a .kt-divider{border-top-width:1px;height:1px;border-top-color:#eee;width:80%;border-top-style:solid;}<\/style>\n<div class=\"wp-block-kadence-spacer aligncenter kt-block-spacer-_09b406-5a\"><div class=\"kt-block-spacer kt-block-spacer-halign-center\"><hr class=\"kt-divider\"\/><\/div><\/div>\n\n\n<div id=\"pl-gb1644-69e014ed43e4b\"  class=\"panel-layout\" ><div id=\"pg-gb1644-69e014ed43e4b-0\"  class=\"panel-grid panel-has-style\" ><div class=\"panel-row-style panel-row-style-for-gb1644-69e014ed43e4b-0\" ><div id=\"pgc-gb1644-69e014ed43e4b-0-0\"  class=\"panel-grid-cell\" ><div id=\"panel-gb1644-69e014ed43e4b-0-0-0\" class=\"so-panel widget widget_sow-headline panel-first-child\" data-index=\"0\" ><div\n\t\t\t\n\t\t\tclass=\"so-widget-sow-headline so-widget-sow-headline-default-9ee27a0c33f6-1644\"\n\t\t\t\n\t\t><div class=\"sow-headline-container \">\n\t\t\t\t\t\t\t<h3 class=\"sow-sub-headline\">\n\t\t\t\t\t\tChcesz si\u0119 zapisa\u0107 lub zada\u0107 pytanie wy\u015blij do nas maila:\t\t\t\t\t\t<\/h3>\n\t\t\t\t\t\t<\/div>\n<\/div><\/div><div id=\"panel-gb1644-69e014ed43e4b-0-0-1\" class=\"so-panel widget widget_sow-contact-form panel-last-child\" data-index=\"1\" ><div class=\"panel-widget-style panel-widget-style-for-gb1644-69e014ed43e4b-0-0-1\" ><div\n\t\t\t\n\t\t\tclass=\"so-widget-sow-contact-form so-widget-sow-contact-form-default-1521dc0df665-1644\"\n\t\t\t\n\t\t>\t<form\n\t\taction=\"\/index.php\/wp-json\/wp\/v2\/pages\/1644\"\n\t\tmethod=\"POST\"\n\t\tclass=\"sow-contact-form\"\n\t\tid=\"contact-form-0996\"\n\t>\n\n\t\t\n\t\t\t\t\t<div class=\"sow-form-field sow-form-field-name\">\n\t\t\t\t<label class=\"sow-form-field-label-above\" for=\"sow-contact-form-field-nazwisko-562e687f3231b\">\n\t\t\t\t<strong>\n\t\t\t\t\tNazwisko\t\t\t\t\t\t\t\t\t<\/strong>\n\t\t\t<\/label>\n\t\t\t\t\t\t\t<span class=\"sow-field-container\">\n\t\t\t\t\t\t\t<input\n\t\t\ttype=\"text\"\n\t\t\tname=\"nazwisko-562e687f3231b\"\n\t\t\tid=\"sow-contact-form-field-nazwisko-562e687f3231b\"\n\t\t\tvalue=\"\"\n\t\t\tclass=\"sow-text-field\"\n\t\t\t\t\t\/>\n\t\t\t\t\t\t<\/span>\n\t\t\t\t\t\t\t<\/div>\n\t\t\t\t\t\t<div class=\"sow-form-field sow-form-field-email\">\n\t\t\t\t<label class=\"sow-form-field-label-above\" for=\"sow-contact-form-field-twoj-email-562e687f3231b\">\n\t\t\t\t<strong>\n\t\t\t\t\tTw\u00f3j Email\t\t\t\t\t\t\t\t\t<\/strong>\n\t\t\t<\/label>\n\t\t\t\t\t\t\t<span class=\"sow-field-container\">\n\t\t\t\t\t\t\t<input\n\t\t\ttype=\"email\"\n\t\t\tname=\"twoj-email-562e687f3231b\"\n\t\t\tid=\"sow-contact-form-field-twoj-email-562e687f3231b\"\n\t\t\tvalue=\"\"\n\t\t\tclass=\"sow-text-field\"\t\t\t\t\t\t\t\t\/>\n\t\t\t\t\t\t<\/span>\n\t\t\t\t\t\t\t<\/div>\n\t\t\t\t\t\t<div class=\"sow-form-field sow-form-field-subject\">\n\t\t\t\t<label class=\"sow-form-field-label-above\" for=\"sow-contact-form-field-temat-562e687f3231b\">\n\t\t\t\t<strong>\n\t\t\t\t\tTemat\t\t\t\t\t\t\t\t\t<\/strong>\n\t\t\t<\/label>\n\t\t\t\t\t\t\t<span class=\"sow-field-container\">\n\t\t\t\t\t\t\t<input\n\t\t\ttype=\"text\"\n\t\t\tname=\"temat-562e687f3231b\"\n\t\t\tid=\"sow-contact-form-field-temat-562e687f3231b\"\n\t\t\tvalue=\"\"\n\t\t\tclass=\"sow-text-field\"\n\t\t\t\t\t\t\t\t\/>\n\t\t\t\t\t\t<\/span>\n\t\t\t\t\t\t\t<\/div>\n\t\t\t\t\t\t<div class=\"sow-form-field sow-form-field-textarea\">\n\t\t\t\t<label class=\"sow-form-field-label-above\" for=\"sow-contact-form-field-tresc-wiadomosci-562e687f3231b\">\n\t\t\t\t<strong>\n\t\t\t\t\tTre\u015b\u0107 wiadomo\u015bci\t\t\t\t\t\t\t\t\t<\/strong>\n\t\t\t<\/label>\n\t\t\t\t\t\t\t<span class=\"sow-field-container\">\n\t\t\t\t\t\t\t<textarea\n\t\t\tname=\"tresc-wiadomosci-562e687f3231b\"\n\t\t\tid=\"sow-contact-form-field-tresc-wiadomosci-562e687f3231b\"\n\t\t\trows=\"10\"\n\t\t\t\t\t\t\t\t><\/textarea>\n\t\t\t\t\t\t<\/span>\n\t\t\t\t\t\t\t<\/div>\n\t\t\t\n\t\t\n\t\t<div class=\"sow-submit-wrapper sow-submit-styled\">\n\n\t\t\t<button\n\t\t\t\ttype=\"submit\"\n\t\t\t\tclass=\"sow-submit\"\n\t\t\t\t\t\t\t>\n\t\t\t\tWy\u015blij wiadomos\u0107\t\t\t<\/button>\n\t\t<\/div>\n\t\t\t\t<input type=\"hidden\" name=\"instance_hash\" value=\"09963b61487c197415cff69c8cf314be\" \/>\n\t\t<input type=\"hidden\" id=\"_wpnonce\" name=\"_wpnonce\" value=\"ffc3064047\" \/><input type=\"hidden\" name=\"_wp_http_referer\" value=\"\/index.php\/wp-json\/wp\/v2\/pages\/1644\" \/>\t<\/form>\n\t<\/div><\/div><\/div><\/div><\/div><\/div><\/div>","protected":false},"excerpt":{"rendered":"<p>CHCESZ ZAPISA\u0106 SI\u0118 LUB ZADA\u0106 PYTANIE? &nbsp; W celu zapisania si\u0119 lub zadania pytania nale\u017cy wype\u0142ni\u0107 poni\u017cszy formularz z odpowiednim tematem maila &#8211; KONIECZNIE Z TYTU\u0141EM WYDARZENIA\/ SPACERU ORAZ DAT\u0118, ILO\u015a\u0106 OS\u00d3B DOROS\u0141YCH I DZIECI ZAPISUJ\u0104C SI\u0118 NA WYDARZENIE ORGANIZOWANE PRZEZ B.T. SUDECKA KRAINA WYRA\u017bA PAN\/PANI ZGOD\u0118 NA: WARUNKI ZAWARTE W REGULAMINIE (czytaj regulamin) PRZETWARZANIE [&hellip;]<\/p>\n","protected":false},"author":1,"featured_media":0,"parent":0,"menu_order":0,"comment_status":"closed","ping_status":"closed","template":"elementor_header_footer","meta":{"_acf_changed":false,"_monsterinsights_skip_tracking":false,"_monsterinsights_sitenote_active":false,"_monsterinsights_sitenote_note":"","_monsterinsights_sitenote_category":0,"site-sidebar-layout":"default","site-content-layout":"","ast-site-content-layout":"","site-content-style":"default","site-sidebar-style":"default","ast-global-header-display":"","ast-banner-title-visibility":"","ast-main-header-display":"","ast-hfb-above-header-display":"","ast-hfb-below-header-display":"","ast-hfb-mobile-header-display":"","site-post-title":"","ast-breadcrumbs-content":"","ast-featured-img":"","footer-sml-layout":"","theme-transparent-header-meta":"","adv-header-id-meta":"","stick-header-meta":"","header-above-stick-meta":"","header-main-stick-meta":"","header-below-stick-meta":"","astra-migrate-meta-layouts":"default","ast-page-background-enabled":"default","ast-page-background-meta":{"desktop":{"background-color":"var(--ast-global-color-4)","background-image":"","background-repeat":"repeat","background-position":"center center","background-size":"auto","background-attachment":"scroll","background-type":"","background-media":"","overlay-type":"","overlay-color":"","overlay-opacity":"","overlay-gradient":""},"tablet":{"background-color":"","background-image":"","background-repeat":"repeat","background-position":"center center","background-size":"auto","background-attachment":"scroll","background-type":"","background-media":"","overlay-type":"","overlay-color":"","overlay-opacity":"","overlay-gradient":""},"mobile":{"background-color":"","background-image":"","background-repeat":"repeat","background-position":"center center","background-size":"auto","background-attachment":"scroll","background-type":"","background-media":"","overlay-type":"","overlay-color":"","overlay-opacity":"","overlay-gradient":""}},"ast-content-background-meta":{"desktop":{"background-color":"var(--ast-global-color-5)","background-image":"","background-repeat":"repeat","background-position":"center center","background-size":"auto","background-attachment":"scroll","background-type":"","background-media":"","overlay-type":"","overlay-color":"","overlay-opacity":"","overlay-gradient":""},"tablet":{"background-color":"var(--ast-global-color-5)","background-image":"","background-repeat":"repeat","background-position":"center center","background-size":"auto","background-attachment":"scroll","background-type":"","background-media":"","overlay-type":"","overlay-color":"","overlay-opacity":"","overlay-gradient":""},"mobile":{"background-color":"var(--ast-global-color-5)","background-image":"","background-repeat":"repeat","background-position":"center center","background-size":"auto","background-attachment":"scroll","background-type":"","background-media":"","overlay-type":"","overlay-color":"","overlay-opacity":"","overlay-gradient":""}},"footnotes":""},"class_list":["post-1644","page","type-page","status-publish","hentry"],"acf":[],"yoast_head":"<!-- This site is optimized with the Yoast SEO plugin v24.3 - https:\/\/yoast.com\/wordpress\/plugins\/seo\/ -->\n<title>ZAPISY NA WYDARZENIA | Przewodnik sudecki Karkonosze spacery z lampami naftowymi<\/title>\n<meta name=\"robots\" content=\"index, follow, max-snippet:-1, max-image-preview:large, max-video-preview:-1\" \/>\n<link rel=\"canonical\" href=\"https:\/\/www.sudeckakraina.pl\/index.php\/wyslij-wiadomosc\/\" \/>\n<meta property=\"og:locale\" content=\"pl_PL\" \/>\n<meta property=\"og:type\" content=\"article\" \/>\n<meta property=\"og:title\" content=\"ZAPISY NA WYDARZENIA | Przewodnik sudecki Karkonosze spacery z lampami naftowymi\" \/>\n<meta property=\"og:description\" content=\"CHCESZ ZAPISA\u0106 SI\u0118 LUB ZADA\u0106 PYTANIE? &nbsp; W celu zapisania si\u0119 lub zadania pytania nale\u017cy wype\u0142ni\u0107 poni\u017cszy formularz z odpowiednim tematem maila - KONIECZNIE Z TYTU\u0141EM WYDARZENIA\/ SPACERU ORAZ DAT\u0118, ILO\u015a\u0106 OS\u00d3B DOROS\u0141YCH I DZIECI ZAPISUJ\u0104C SI\u0118 NA WYDARZENIE ORGANIZOWANE PRZEZ B.T. SUDECKA KRAINA WYRA\u017bA PAN\/PANI ZGOD\u0118 NA: WARUNKI ZAWARTE W REGULAMINIE (czytaj regulamin) PRZETWARZANIE [&hellip;]\" \/>\n<meta property=\"og:url\" content=\"https:\/\/www.sudeckakraina.pl\/index.php\/wyslij-wiadomosc\/\" \/>\n<meta property=\"og:site_name\" content=\"Przewodnik sudecki Karkonosze spacery z lampami naftowymi\" \/>\n<meta property=\"article:publisher\" content=\"https:\/\/www.facebook.com\/Sudecka.kraina\" \/>\n<meta property=\"article:modified_time\" content=\"2023-01-05T15:12:19+00:00\" \/>\n<meta property=\"og:image\" content=\"https:\/\/www.sudeckakraina.pl\/wp-content\/uploads\/2023\/02\/Jaroslaw-Szczyzowski-sudecka-kraina.jpg\" \/>\n\t<meta property=\"og:image:width\" content=\"723\" \/>\n\t<meta property=\"og:image:height\" content=\"867\" \/>\n\t<meta property=\"og:image:type\" content=\"image\/jpeg\" \/>\n<meta name=\"twitter:card\" content=\"summary_large_image\" \/>\n<meta name=\"twitter:label1\" content=\"Szacowany czas czytania\" \/>\n\t<meta name=\"twitter:data1\" content=\"1 minuta\" \/>\n<script type=\"application\/ld+json\" class=\"yoast-schema-graph\">{\"@context\":\"https:\/\/schema.org\",\"@graph\":[{\"@type\":\"WebPage\",\"@id\":\"https:\/\/www.sudeckakraina.pl\/index.php\/wyslij-wiadomosc\/\",\"url\":\"https:\/\/www.sudeckakraina.pl\/index.php\/wyslij-wiadomosc\/\",\"name\":\"ZAPISY NA WYDARZENIA | Przewodnik sudecki Karkonosze spacery z lampami naftowymi\",\"isPartOf\":{\"@id\":\"https:\/\/www.sudeckakraina.pl\/#website\"},\"datePublished\":\"2021-01-25T18:45:29+00:00\",\"dateModified\":\"2023-01-05T15:12:19+00:00\",\"breadcrumb\":{\"@id\":\"https:\/\/www.sudeckakraina.pl\/index.php\/wyslij-wiadomosc\/#breadcrumb\"},\"inLanguage\":\"pl-PL\",\"potentialAction\":[{\"@type\":\"ReadAction\",\"target\":[\"https:\/\/www.sudeckakraina.pl\/index.php\/wyslij-wiadomosc\/\"]}]},{\"@type\":\"BreadcrumbList\",\"@id\":\"https:\/\/www.sudeckakraina.pl\/index.php\/wyslij-wiadomosc\/#breadcrumb\",\"itemListElement\":[{\"@type\":\"ListItem\",\"position\":1,\"name\":\"Strona g\u0142\u00f3wna\",\"item\":\"https:\/\/www.sudeckakraina.pl\/\"},{\"@type\":\"ListItem\",\"position\":2,\"name\":\"ZAPISY NA WYDARZENIA\"}]},{\"@type\":\"WebSite\",\"@id\":\"https:\/\/www.sudeckakraina.pl\/#website\",\"url\":\"https:\/\/www.sudeckakraina.pl\/\",\"name\":\"Sudecka Kraina - Karkonosze - przewodnik sudecki - spacery z lampami naftowymi\",\"description\":\"Przewodnik sudecki Karkonosze  spacery z lampami naftowymi\",\"publisher\":{\"@id\":\"https:\/\/www.sudeckakraina.pl\/#organization\"},\"alternateName\":\"Sudecka Kraina Karkonosze - przewodnik sudecki - spacery z lampami naftowymi\",\"potentialAction\":[{\"@type\":\"SearchAction\",\"target\":{\"@type\":\"EntryPoint\",\"urlTemplate\":\"https:\/\/www.sudeckakraina.pl\/?s={search_term_string}\"},\"query-input\":{\"@type\":\"PropertyValueSpecification\",\"valueRequired\":true,\"valueName\":\"search_term_string\"}}],\"inLanguage\":\"pl-PL\"},{\"@type\":\"Organization\",\"@id\":\"https:\/\/www.sudeckakraina.pl\/#organization\",\"name\":\"Sudecka Kraina Karkonosze przewodnik sudecki spacery z lampami naftowymi\",\"alternateName\":\"Sudecka Kraina Karkonosze przewodnik sudecki spacery z lampami naftowymi\",\"url\":\"https:\/\/www.sudeckakraina.pl\/\",\"logo\":{\"@type\":\"ImageObject\",\"inLanguage\":\"pl-PL\",\"@id\":\"https:\/\/www.sudeckakraina.pl\/#\/schema\/logo\/image\/\",\"url\":\"http:\/\/www.sudeckakraina.pl\/wp-content\/uploads\/2020\/01\/logo-bez-t\u0142a-pr\u00f3ba-1-kopia-scaled.jpg\",\"contentUrl\":\"http:\/\/www.sudeckakraina.pl\/wp-content\/uploads\/2020\/01\/logo-bez-t\u0142a-pr\u00f3ba-1-kopia-scaled.jpg\",\"width\":2560,\"height\":2560,\"caption\":\"Sudecka Kraina Karkonosze przewodnik sudecki spacery z lampami naftowymi\"},\"image\":{\"@id\":\"https:\/\/www.sudeckakraina.pl\/#\/schema\/logo\/image\/\"},\"sameAs\":[\"https:\/\/www.facebook.com\/Sudecka.kraina\"]}]}<\/script>\n<!-- \/ Yoast SEO plugin. -->","yoast_head_json":{"title":"ZAPISY NA WYDARZENIA | Przewodnik sudecki Karkonosze spacery z lampami naftowymi","robots":{"index":"index","follow":"follow","max-snippet":"max-snippet:-1","max-image-preview":"max-image-preview:large","max-video-preview":"max-video-preview:-1"},"canonical":"https:\/\/www.sudeckakraina.pl\/index.php\/wyslij-wiadomosc\/","og_locale":"pl_PL","og_type":"article","og_title":"ZAPISY NA WYDARZENIA | Przewodnik sudecki Karkonosze spacery z lampami naftowymi","og_description":"CHCESZ ZAPISA\u0106 SI\u0118 LUB ZADA\u0106 PYTANIE? &nbsp; W celu zapisania si\u0119 lub zadania pytania nale\u017cy wype\u0142ni\u0107 poni\u017cszy formularz z odpowiednim tematem maila - KONIECZNIE Z TYTU\u0141EM WYDARZENIA\/ SPACERU ORAZ DAT\u0118, ILO\u015a\u0106 OS\u00d3B DOROS\u0141YCH I DZIECI ZAPISUJ\u0104C SI\u0118 NA WYDARZENIE ORGANIZOWANE PRZEZ B.T. SUDECKA KRAINA WYRA\u017bA PAN\/PANI ZGOD\u0118 NA: WARUNKI ZAWARTE W REGULAMINIE (czytaj regulamin) PRZETWARZANIE [&hellip;]","og_url":"https:\/\/www.sudeckakraina.pl\/index.php\/wyslij-wiadomosc\/","og_site_name":"Przewodnik sudecki Karkonosze spacery z lampami naftowymi","article_publisher":"https:\/\/www.facebook.com\/Sudecka.kraina","article_modified_time":"2023-01-05T15:12:19+00:00","og_image":[{"width":723,"height":867,"url":"https:\/\/www.sudeckakraina.pl\/wp-content\/uploads\/2023\/02\/Jaroslaw-Szczyzowski-sudecka-kraina.jpg","type":"image\/jpeg"}],"twitter_card":"summary_large_image","twitter_misc":{"Szacowany czas czytania":"1 minuta"},"schema":{"@context":"https:\/\/schema.org","@graph":[{"@type":"WebPage","@id":"https:\/\/www.sudeckakraina.pl\/index.php\/wyslij-wiadomosc\/","url":"https:\/\/www.sudeckakraina.pl\/index.php\/wyslij-wiadomosc\/","name":"ZAPISY NA WYDARZENIA | Przewodnik sudecki Karkonosze spacery z lampami naftowymi","isPartOf":{"@id":"https:\/\/www.sudeckakraina.pl\/#website"},"datePublished":"2021-01-25T18:45:29+00:00","dateModified":"2023-01-05T15:12:19+00:00","breadcrumb":{"@id":"https:\/\/www.sudeckakraina.pl\/index.php\/wyslij-wiadomosc\/#breadcrumb"},"inLanguage":"pl-PL","potentialAction":[{"@type":"ReadAction","target":["https:\/\/www.sudeckakraina.pl\/index.php\/wyslij-wiadomosc\/"]}]},{"@type":"BreadcrumbList","@id":"https:\/\/www.sudeckakraina.pl\/index.php\/wyslij-wiadomosc\/#breadcrumb","itemListElement":[{"@type":"ListItem","position":1,"name":"Strona g\u0142\u00f3wna","item":"https:\/\/www.sudeckakraina.pl\/"},{"@type":"ListItem","position":2,"name":"ZAPISY NA WYDARZENIA"}]},{"@type":"WebSite","@id":"https:\/\/www.sudeckakraina.pl\/#website","url":"https:\/\/www.sudeckakraina.pl\/","name":"Sudecka Kraina - Karkonosze - przewodnik sudecki - spacery z lampami naftowymi","description":"Przewodnik sudecki Karkonosze  spacery z lampami naftowymi","publisher":{"@id":"https:\/\/www.sudeckakraina.pl\/#organization"},"alternateName":"Sudecka Kraina Karkonosze - przewodnik sudecki - spacery z lampami naftowymi","potentialAction":[{"@type":"SearchAction","target":{"@type":"EntryPoint","urlTemplate":"https:\/\/www.sudeckakraina.pl\/?s={search_term_string}"},"query-input":{"@type":"PropertyValueSpecification","valueRequired":true,"valueName":"search_term_string"}}],"inLanguage":"pl-PL"},{"@type":"Organization","@id":"https:\/\/www.sudeckakraina.pl\/#organization","name":"Sudecka Kraina Karkonosze przewodnik sudecki spacery z lampami naftowymi","alternateName":"Sudecka Kraina Karkonosze przewodnik sudecki spacery z lampami naftowymi","url":"https:\/\/www.sudeckakraina.pl\/","logo":{"@type":"ImageObject","inLanguage":"pl-PL","@id":"https:\/\/www.sudeckakraina.pl\/#\/schema\/logo\/image\/","url":"http:\/\/www.sudeckakraina.pl\/wp-content\/uploads\/2020\/01\/logo-bez-t\u0142a-pr\u00f3ba-1-kopia-scaled.jpg","contentUrl":"http:\/\/www.sudeckakraina.pl\/wp-content\/uploads\/2020\/01\/logo-bez-t\u0142a-pr\u00f3ba-1-kopia-scaled.jpg","width":2560,"height":2560,"caption":"Sudecka Kraina Karkonosze przewodnik sudecki spacery z lampami naftowymi"},"image":{"@id":"https:\/\/www.sudeckakraina.pl\/#\/schema\/logo\/image\/"},"sameAs":["https:\/\/www.facebook.com\/Sudecka.kraina"]}]}},"_links":{"self":[{"href":"https:\/\/www.sudeckakraina.pl\/index.php\/wp-json\/wp\/v2\/pages\/1644","targetHints":{"allow":["GET"]}}],"collection":[{"href":"https:\/\/www.sudeckakraina.pl\/index.php\/wp-json\/wp\/v2\/pages"}],"about":[{"href":"https:\/\/www.sudeckakraina.pl\/index.php\/wp-json\/wp\/v2\/types\/page"}],"author":[{"embeddable":true,"href":"https:\/\/www.sudeckakraina.pl\/index.php\/wp-json\/wp\/v2\/users\/1"}],"replies":[{"embeddable":true,"href":"https:\/\/www.sudeckakraina.pl\/index.php\/wp-json\/wp\/v2\/comments?post=1644"}],"version-history":[{"count":0,"href":"https:\/\/www.sudeckakraina.pl\/index.php\/wp-json\/wp\/v2\/pages\/1644\/revisions"}],"wp:attachment":[{"href":"https:\/\/www.sudeckakraina.pl\/index.php\/wp-json\/wp\/v2\/media?parent=1644"}],"curies":[{"name":"wp","href":"https:\/\/api.w.org\/{rel}","templated":true}]}}