{"id":2267,"date":"2021-03-11T13:45:18","date_gmt":"2021-03-11T12:45:18","guid":{"rendered":"http:\/\/www.sudeckakraina.pl\/?page_id=2267"},"modified":"2022-03-26T22:12:14","modified_gmt":"2022-03-26T21:12:14","slug":"regulamin","status":"publish","type":"page","link":"https:\/\/www.sudeckakraina.pl\/index.php\/regulamin\/","title":{"rendered":"REGULAMIN"},"content":{"rendered":"\t\t<div data-elementor-type=\"wp-page\" data-elementor-id=\"2267\" class=\"elementor elementor-2267\">\n\t\t\t\t\t\t<section class=\"elementor-section elementor-inner-section elementor-element elementor-element-11248281 elementor-section-content-middle elementor-section-height-min-height elementor-section-boxed elementor-section-height-default\" data-id=\"11248281\" data-element_type=\"section\" data-settings=\"{&quot;background_background&quot;:&quot;classic&quot;}\">\n\t\t\t\t\t\t\t<div class=\"elementor-background-overlay\"><\/div>\n\t\t\t\t\t\t\t<div class=\"elementor-container elementor-column-gap-no\">\n\t\t\t\t\t<div class=\"elementor-column elementor-col-100 elementor-inner-column elementor-element elementor-element-42665559 elementor-invisible\" data-id=\"42665559\" data-element_type=\"column\" data-settings=\"{&quot;animation&quot;:&quot;fadeIn&quot;,&quot;background_background&quot;:&quot;gradient&quot;}\">\n\t\t\t<div class=\"elementor-widget-wrap elementor-element-populated\">\n\t\t\t\t\t<div class=\"elementor-background-overlay\"><\/div>\n\t\t\t\t\t\t<div class=\"elementor-element elementor-element-5385851a hotel-tmpl-titles elementor-invisible elementor-widget elementor-widget-heading\" data-id=\"5385851a\" data-element_type=\"widget\" data-settings=\"{&quot;_animation&quot;:&quot;fadeInUp&quot;,&quot;_animation_delay&quot;:100}\" data-widget_type=\"heading.default\">\n\t\t\t\t<div class=\"elementor-widget-container\">\n\t\t\t\t\t<h3 class=\"elementor-heading-title elementor-size-default\">REGULAMIN<\/h3>\t\t\t\t<\/div>\n\t\t\t\t<\/div>\n\t\t\t\t\t<\/div>\n\t\t<\/div>\n\t\t\t\t\t<\/div>\n\t\t<\/section>\n\t\t\t\t<section class=\"elementor-section elementor-top-section elementor-element elementor-element-1408cadc elementor-section-boxed elementor-section-height-default elementor-section-height-default\" data-id=\"1408cadc\" data-element_type=\"section\">\n\t\t\t\t\t\t<div class=\"elementor-container elementor-column-gap-default\">\n\t\t\t\t\t<div class=\"elementor-column elementor-col-100 elementor-top-column elementor-element elementor-element-38b5ea7d\" data-id=\"38b5ea7d\" data-element_type=\"column\">\n\t\t\t<div class=\"elementor-widget-wrap elementor-element-populated\">\n\t\t\t\t\t\t<div class=\"elementor-element elementor-element-5012d04c elementor-widget elementor-widget-text-editor\" data-id=\"5012d04c\" data-element_type=\"widget\" data-widget_type=\"text-editor.default\">\n\t\t\t\t<div class=\"elementor-widget-container\">\n\t\t\t\t\t\t\t\t\t<div id=\"pl-gb2267-69e0165ab6e17\"  class=\"panel-layout\" ><div id=\"pg-gb2267-69e0165ab6e17-0\"  class=\"panel-grid panel-has-style\" ><div class=\"siteorigin-panels-stretch panel-row-style panel-row-style-for-gb2267-69e0165ab6e17-0\" data-stretch-type=\"full\" ><div id=\"pgc-gb2267-69e0165ab6e17-0-0\"  class=\"panel-grid-cell\" ><div id=\"panel-gb2267-69e0165ab6e17-0-0-0\" class=\"so-panel widget widget_sow-editor panel-first-child panel-last-child\" data-index=\"0\" ><div\n\t\t\t\n\t\t\tclass=\"so-widget-sow-editor so-widget-sow-editor-base\"\n\t\t\t\n\t\t>\n<div class=\"siteorigin-widget-tinymce textwidget\">\n\t<h1><\/h1>\n<p><strong>REGULAMIN KORZYSTANIA Z US\u0141UG BIURA TURYSTYCZNEGO SUDECKA KRAINA<\/strong><\/p>\n<p><strong>I OG\u00d3LNE WARUNKI UCZESTNICTWA <\/strong><\/p>\n<p><strong>\u00a0<\/strong><\/p>\n<ol>\n<li>Organizatorem wycieczek jest Biuro Turystyczne \u201eSudecka Kraina\u201d z siedzib\u0105 w Je\u017cowie Sudeckim przy ul. Ogrodowej 3 \/ 4.<\/li>\n<li>Prawa i obowi\u0105zki Uczestnik\u00f3w wycieczek oraz biura okre\u015blaj\u0105 przepisy Kodeksu Cywilnego, \u201eUmowa cywilna o \u015bwiadczenie us\u0142ug\u201d zwana dalej umow\u0105.<\/li>\n<li>W ramach ceny jednodniowych wycieczek biuro zobowi\u0105zuje si\u0119 zapewni\u0107: realizacj\u0119 autorskiego programu wydarzenia, opiek\u0119 licencjonowanego przewodnika g\u00f3rskiego sudeckiego lub pilota wycieczek, wyspecjalizowanego instruktora.<\/li>\n<li>Udzia\u0142 w wycieczkach mog\u0105 bra\u0107 osoby pe\u0142noletnie i niepe\u0142noletnie pod opiek\u0105 prawnych opiekun\u00f3w.<\/li>\n<li>Uczestnicy zobowi\u0105zani s\u0105 do przestrzegania zalece\u0144 osoby reprezentuj\u0105cej Biuro.<\/li>\n<\/ol>\n<p>&nbsp;<\/p>\n<p>&nbsp;<\/p>\n<p><strong>II ZAWARCIE UMOWY<\/strong><\/p>\n<p>&nbsp;<\/p>\n<ol>\n<li>Zawarcie umowy z Klientem biura nast\u0119puje po zapoznaniu si\u0119 przez Klienta z ofert\u0105 na stronie internetowej <a href=\"www.sudeckakraina.pl\">sudeckakraina.pl<\/a> lub w opisie wydarzenia na Facebook Sudecka Kraina oraz akceptacji warunk\u00f3w uczestnictwa (do wgl\u0105du na <a href=\"www.sudeckakraina.pl\">www.sudeckakraina.pl<\/a>)<\/li>\n<li>Przez zawarcie umowy, akceptacj\u0119 warunk\u00f3w umowy i uczestnictwa rozumie si\u0119 przes\u0142anie rezerwacji\/ zapisu na wydarzenie przez formularz kontaktowy na stronie <a href=\"www.sudeckakraina.pl\">sudeckakraina.pl<\/a>, na email sudeckakraina@tlen.pl lub messenger Facebooka Sudecka Kraina.<\/li>\n<li>Dane osobowe zawarte w umowie podlegaj\u0105 ochronie zgodnie z Ustaw\u0105 o ochronie danych osobowych (z dnia 10.05.2018r.). \u201eKlauzula informacyjna o ochronie danych osobowych\u201d.<\/li>\n<li>Ka\u017cdy Klient imprezy turystycznej zobowi\u0105zany jest do dokonania niezb\u0119dnych wp\u0142at przed rozpocz\u0119ciem imprezy pod rygorem zerwania umowy.<\/li>\n<\/ol>\n<p>&nbsp;<\/p>\n<p><strong>III WARUNKI P\u0141ATNO\u015aCI<\/strong><\/p>\n<p>&nbsp;<\/p>\n<ol>\n<li>Klient biura zobowi\u0105zuje si\u0119 do przestrzegania termin\u00f3w i wysoko\u015bci wp\u0142at na imprez\u0119 turystyczn\u0105 wg nast\u0119puj\u0105cych zasad :<\/li>\n<li>a) got\u00f3wk\u0105 lub kart\u0105 nale\u017cy op\u0142aci\u0107 osobi\u015bcie w miejscu rozpocz\u0119cia wycieczki lub poprzez stron\u0119 internetow\u0105 \u2013 p\u0142atno\u015bci online.<\/li>\n<li>b) przelewem nale\u017cy op\u0142aci\u0107 najp\u00f3\u017aniej na dwa dni przed wycieczk\u0105 (do godz. 14:00) oraz wys\u0142a\u0107 emailem dow\u00f3d potwierdzaj\u0105cy dokonanie wp\u0142aty.<\/li>\n<li>Brak dokonania wp\u0142aty w wyznaczonym terminie jest r\u00f3wnoznaczne z rezygnacj\u0105 z udzia\u0142u w imprezie turystycznej organizowanej przez biuro.<\/li>\n<\/ol>\n<p>&nbsp;<\/p>\n<p>&nbsp;<\/p>\n<p><strong>IV ODPOWIEDZIALNO\u015a\u0106 BIURA i KLIENTA<\/strong><\/p>\n<p>&nbsp;<\/p>\n<ol>\n<li>Biuro zobowi\u0105zuje si\u0119 do \u015bwiadczenia us\u0142ug w spos\u00f3b zgodny z ofert\u0105 i warunkami umowy oraz ponosi odpowiedzialno\u015b\u0107 za przebieg imprezy turystycznej zgodny z programem i \u015bwiadczeniami zawartymi w kosztach imprezy.<\/li>\n<li>Biuro odpowiada za niewykonanie lub nienale\u017cyte wykonanie umowy o udzia\u0142 w imprezie turystycznej za wyj\u0105tkiem gdy niewykonanie lub nienale\u017cyte wykonanie jest spowodowane wy\u0142\u0105cznie dzia\u0142aniem lub zaniechaniem Klienta, dzia\u0142aniem os\u00f3b trzecich nieuczestnicz\u0105cych w wykonaniu us\u0142ug przewidzianych w umowie oraz je\u017celi tych dzia\u0142a\u0144 lub zaniecha\u0144 nie mo\u017cna by\u0142o przewidzie\u0107 ani unikn\u0105\u0107, dzia\u0142aniem \u201esi\u0142y wy\u017cszej\u201d. Biuro nie odpowiada za niezrealizowanie programu wynik\u0142e z przyczyn od niego niezale\u017cnych takich jak: warunki atmosferyczne, oczekiwanie na granicy, strajki itp.<\/li>\n<li>Biuro nie ponosi odpowiedzialno\u015bci za baga\u017c oraz rzeczy osobiste Klienta.<\/li>\n<li>W przypadkach nadzwyczajnych, niezale\u017cnych od biura, biuro zastrzega sobie prawo zmiany warunk\u00f3w umowy takich jak program imprezy. O zmianach biuro zawiadomi Klienta na 2 dni przed terminem imprezy, chyba \u017ce czynniki od kt\u00f3rych zale\u017cna jest realizacja programu pojawi\u0142y si\u0119 w p\u00f3\u017aniejszym terminie, w takim przypadku biuro poinformuje Klienta bezzw\u0142ocznie.<\/li>\n<li>Biuro zastrzega sobie prawo do odwo\u0142ania imprezy turystycznej, je\u017celi nie zostanie sprzedanych, co najmniej 50% miejsc w zaplanowanym terminie wycieczki. O odwo\u0142aniu wycieczki Klient b\u0119dzie poinformowany w formie elektronicznej (np. poprzez SMS-a, e-mailem) lub telefonicznie w terminie nie kr\u00f3tszym ni\u017c dzie\u0144 przed imprez\u0105 oraz otrzymana ofert\u0119 zamiany terminu wycieczki na inny. Brak akceptacji przez Klienta innego terminu powoduje niezw\u0142oczny\u0105 zwrot ca\u0142o\u015bci wp\u0142aconej kwoty.<\/li>\n<li>W czasie trwania imprezy Klient jest zobowi\u0105zany stosowa\u0107 si\u0119 do wskaz\u00f3wek pilota\/przewodnika. Biuro zastrzega sobie prawo do rozwi\u0105zania umowy z winy Klienta w trybie natychmiastowym w trakcie jej realizacji, je\u017celi Klient ra\u017c\u0105co utrudnia sprawne realizowanie programu imprezy. Wszelkie koszty zwi\u0105zane z rozwi\u0105zaniem umowy w takim przypadku ponosi Klient, natomiast kwoty wp\u0142acone z tytu\u0142u uczestnictwa w imprezie turystycznej na rzecz biura nie podlegaj\u0105 zwrotowi. W przypadku os\u00f3b niepe\u0142noletnich ra\u017c\u0105co utrudniaj\u0105cych realizacj\u0119 programu, odpowiedzialni s\u0105 opiekunowie prawni.<\/li>\n<li>Nie podlega zwrotowi warto\u015b\u0107 \u015bwiadcze\u0144, kt\u00f3re nie zosta\u0142y w pe\u0142ni wykorzystane przez Klienta, a rezygnacja z tych \u015bwiadcze\u0144 le\u017cy po stronie Klienta.<\/li>\n<li>Klienci ponosz\u0105 odpowiedzialno\u015b\u0107 materialn\u0105 za wyrz\u0105dzone z w\u0142asnej winy \u2013 przez siebie \u2013 szkody materialne i osobowe. Za szkody wyrz\u0105dzone przez osoby niepe\u0142noletnie odpowiadaj\u0105 prawni opiekunowie.<\/li>\n<li>Kolejno\u015b\u0107 wymienionych w programie punkt\u00f3w mo\u017ce ulec zmianie lub w sytuacji \u201esi\u0142y wy\u017cszej\u201d (np. za\u0142amanie pogody w g\u00f3rach) program mo\u017ce zosta\u0107 zmieniony.\u00a0Decyzje co do zmiany trasy podejmuje Organizator.<\/li>\n<li>W przypadku imprez kr\u00f3tkotrwa\u0142ych, trwaj\u0105cych do 5 godzin B. T. Sudecka Kraina nie oferuje ubezpieczenia NNW. Ta kwestia pozostaje po stronie Klienta.<\/li>\n<li>W przypadku imprez ca\u0142odniowych oraz wielodniowych Klient obj\u0119ty jest ubezpieczeniem NNW.<\/li>\n<li>Uczestnik wydarzenia od\u0142\u0105czaj\u0105c si\u0119 od grupy lub opuszczaj\u0105c miejsce wydarzenia ponosi sam odpowiedzialno\u015b\u0107 za zaistnia\u0142e zdarzenia, wynik\u0142e po tej czynno\u015bci.<\/li>\n<li>W przypadku oddalenia si\u0119 Klienta od grupy, bez poinformowania przedstawiciela Biura, Organizator nie ponosi odpowiedzialno\u015bci za ewentualne zdarzenia losowe.<\/li>\n<\/ol>\n<p>&nbsp;<\/p>\n<p><strong>V REZYGNACJA Z IMPREZY <\/strong><\/p>\n<p><strong><span style=\"text-decoration: line-through;\">\u00a0<\/span><\/strong><\/p>\n<ol>\n<li>Rezygnacje z udzia\u0142u w imprezie turystycznej przyjmowane s\u0105 wy\u0142\u0105cznie w formie elektronicznej <em>(mail, sms, <\/em>Messenger Facebooka<em>).<\/em> Za dat\u0119 rezygnacji przyjmuje si\u0119 dzie\u0144 jej wp\u0142ywu podanymi kana\u0142ami przekazywania informacji.<\/li>\n<li>Je\u017celi Klient odst\u0119puj\u0105c od umowy wska\u017ce inn\u0105 osob\u0119 spe\u0142niaj\u0105c\u0105 warunki uczestnictwa w imprezie turystycznej, przeka\u017ce uprawnienia i obowi\u0105zki, wynikaj\u0105ce z umowy, w terminie nie p\u00f3\u017aniejszym ni\u017c 2 dni przed rozpocz\u0119ciem imprezy turystycznej, biuro nie b\u0119dzie \u017c\u0105da\u0142o \u017cadnych kwot z tytu\u0142u odst\u0105pienia od umowy.<\/li>\n<li>Je\u017celi Klient w ramach rezygnacji z imprezy wska\u017ce zamiennie inny termin, Organizator dokona zamiany termin\u00f3w bezkosztowo.<\/li>\n<li>Je\u017celi Klient zrezygnuje z udzia\u0142u w imprezie turystycznej z przyczyn niezale\u017cnych od Klienta - przypadek losowy (np. choroba w\u0142asna, \u015bmier\u0107 cz\u0142onka najbli\u017cszej rodziny, utrata dachu nad g\u0142ow\u0105) - Biuro zwraca wp\u0142acon\u0105 kwot\u0119 pomniejszon\u0105 o rzeczywiste koszty poniesione przez Organizatora.<\/li>\n<li>W przypadku rezygnacji Klienta z udzia\u0142u w imprezie Biuro z uwagi na poniesione koszty organizacji wydarzenia zastrzega sobie prawo dokonania potr\u0105ce\u0144 z wniesionych przez Klienta op\u0142at wg nast\u0119puj\u0105cych zasad.<\/li>\n<li>a) rezygnacja w terminie od 3 do 2 dni przed dat\u0105 rozpocz\u0119cia wycieczki do 50 % warto\u015bci imprezy.<\/li>\n<li>b) rezygnacja w przeddzie\u0144 lub w dniu wycieczki \u2013 100 % warto\u015bci imprezy.<\/li>\n<\/ol>\n<p>&nbsp;<\/p>\n<p>&nbsp;<\/p>\n<p><strong>VI REKLAMACJE<\/strong><\/p>\n<p>&nbsp;<\/p>\n<ol>\n<li>Wszelkie reklamacje powinny by\u0107 wniesione w formie pisemnej, w pierwszej kolejno\u015bci u pilota\/przewodnika w trakcie trwania imprezy lub drog\u0105 mailow\u0105 sudeckakraina@tlen.pl w ci\u0105gu 3 dni po zako\u0144czeniu imprezy. Reklamacje nie spe\u0142niaj\u0105ce powy\u017cszych wymog\u00f3w nie b\u0119d\u0105 rozpatrywane przez biuro.<\/li>\n<li>W trakcie trwania imprezy reklamacj\u0119 w formie ustnej nale\u017cy z\u0142o\u017cy\u0107 do przedstawiciela Biura, kt\u00f3ry zobowi\u0105zany jest do jej przyj\u0119cia i w miar\u0119 mo\u017cliwo\u015bci natychmiastowego rozpatrzenia.<\/li>\n<li>Po zako\u0144czeniu imprezy reklamacj\u0119 nale\u017cy wnie\u015b\u0107 w formie pisemnej na adres Biura lub elektronicznie na adres sudeckakraina@tlen.pl w ci\u0105gu 3 dni po zako\u0144czeniu imprezy. Reklamacje nie spe\u0142niaj\u0105ce powy\u017cszych wymog\u00f3w nie b\u0119d\u0105 rozpatrywane przez Biuro.<\/li>\n<li>Biuro udzieli odpowiedzi na reklamacj\u0119 w formie pisemnej, nie p\u00f3\u017aniej ni\u017c w terminie 14 dni od otrzymania reklamacji.<\/li>\n<\/ol>\n<p>&nbsp;<\/p>\n<p><strong>VII POSTANOWIENIA KO\u0143COWE<\/strong><\/p>\n<p>&nbsp;<\/p>\n<ol>\n<li>W sprawach nieuregulowanych maj\u0105 zastosowanie odpowiednie przepisy Kodeksu Cywilnego.<\/li>\n<li>Wszelkie spory wynikaj\u0105ce z realizacji umowy b\u0119d\u0105 rozstrzygane w pierwszej kolejno\u015bci polubownie, a w razie braku porozumienia przez s\u0105d w\u0142a\u015bciwy dla siedziby Organizatora.<\/li>\n<\/ol>\n<\/div>\n<\/div><\/div><\/div><\/div><\/div><\/div>\t\t\t\t\t\t\t\t<\/div>\n\t\t\t\t<\/div>\n\t\t\t\t\t<\/div>\n\t\t<\/div>\n\t\t\t\t\t<\/div>\n\t\t<\/section>\n\t\t\t\t<\/div>\n\t\t","protected":false},"excerpt":{"rendered":"<p>REGULAMIN<\/p>\n","protected":false},"author":1,"featured_media":0,"parent":0,"menu_order":0,"comment_status":"closed","ping_status":"closed","template":"elementor_header_footer","meta":{"_acf_changed":false,"_monsterinsights_skip_tracking":false,"_monsterinsights_sitenote_active":false,"_monsterinsights_sitenote_note":"","_monsterinsights_sitenote_category":0,"site-sidebar-layout":"default","site-content-layout":"page-builder","ast-site-content-layout":"","site-content-style":"default","site-sidebar-style":"default","ast-global-header-display":"","ast-banner-title-visibility":"","ast-main-header-display":"","ast-hfb-above-header-display":"","ast-hfb-below-header-display":"","ast-hfb-mobile-header-display":"","site-post-title":"","ast-breadcrumbs-content":"","ast-featured-img":"","footer-sml-layout":"","theme-transparent-header-meta":"","adv-header-id-meta":"","stick-header-meta":"","header-above-stick-meta":"","header-main-stick-meta":"","header-below-stick-meta":"","astra-migrate-meta-layouts":"default","ast-page-background-enabled":"default","ast-page-background-meta":{"desktop":{"background-color":"var(--ast-global-color-4)","background-image":"","background-repeat":"repeat","background-position":"center center","background-size":"auto","background-attachment":"scroll","background-type":"","background-media":"","overlay-type":"","overlay-color":"","overlay-opacity":"","overlay-gradient":""},"tablet":{"background-color":"","background-image":"","background-repeat":"repeat","background-position":"center center","background-size":"auto","background-attachment":"scroll","background-type":"","background-media":"","overlay-type":"","overlay-color":"","overlay-opacity":"","overlay-gradient":""},"mobile":{"background-color":"","background-image":"","background-repeat":"repeat","background-position":"center center","background-size":"auto","background-attachment":"scroll","background-type":"","background-media":"","overlay-type":"","overlay-color":"","overlay-opacity":"","overlay-gradient":""}},"ast-content-background-meta":{"desktop":{"background-color":"var(--ast-global-color-5)","background-image":"","background-repeat":"repeat","background-position":"center center","background-size":"auto","background-attachment":"scroll","background-type":"","background-media":"","overlay-type":"","overlay-color":"","overlay-opacity":"","overlay-gradient":""},"tablet":{"background-color":"var(--ast-global-color-5)","background-image":"","background-repeat":"repeat","background-position":"center center","background-size":"auto","background-attachment":"scroll","background-type":"","background-media":"","overlay-type":"","overlay-color":"","overlay-opacity":"","overlay-gradient":""},"mobile":{"background-color":"var(--ast-global-color-5)","background-image":"","background-repeat":"repeat","background-position":"center center","background-size":"auto","background-attachment":"scroll","background-type":"","background-media":"","overlay-type":"","overlay-color":"","overlay-opacity":"","overlay-gradient":""}},"footnotes":""},"class_list":["post-2267","page","type-page","status-publish","hentry"],"acf":[],"yoast_head":"<!-- This site is optimized with the Yoast SEO plugin v24.3 - https:\/\/yoast.com\/wordpress\/plugins\/seo\/ -->\n<title>REGULAMIN | Przewodnik sudecki Karkonosze spacery z lampami naftowymi<\/title>\n<meta name=\"robots\" content=\"index, follow, max-snippet:-1, max-image-preview:large, max-video-preview:-1\" \/>\n<link rel=\"canonical\" href=\"https:\/\/www.sudeckakraina.pl\/index.php\/regulamin\/\" \/>\n<meta property=\"og:locale\" content=\"pl_PL\" \/>\n<meta property=\"og:type\" content=\"article\" \/>\n<meta property=\"og:title\" content=\"REGULAMIN | Przewodnik sudecki Karkonosze spacery z lampami naftowymi\" \/>\n<meta property=\"og:description\" content=\"REGULAMIN\" \/>\n<meta property=\"og:url\" content=\"https:\/\/www.sudeckakraina.pl\/index.php\/regulamin\/\" \/>\n<meta property=\"og:site_name\" content=\"Przewodnik sudecki Karkonosze spacery z lampami naftowymi\" \/>\n<meta property=\"article:publisher\" content=\"https:\/\/www.facebook.com\/Sudecka.kraina\" \/>\n<meta property=\"article:modified_time\" content=\"2022-03-26T21:12:14+00:00\" \/>\n<meta property=\"og:image\" content=\"https:\/\/www.sudeckakraina.pl\/wp-content\/uploads\/2023\/02\/Jaroslaw-Szczyzowski-sudecka-kraina.jpg\" \/>\n\t<meta property=\"og:image:width\" content=\"723\" \/>\n\t<meta property=\"og:image:height\" content=\"867\" \/>\n\t<meta property=\"og:image:type\" content=\"image\/jpeg\" \/>\n<meta name=\"twitter:card\" content=\"summary_large_image\" \/>\n<meta name=\"twitter:label1\" content=\"Szacowany czas czytania\" \/>\n\t<meta name=\"twitter:data1\" content=\"6 minut\" \/>\n<script type=\"application\/ld+json\" class=\"yoast-schema-graph\">{\"@context\":\"https:\/\/schema.org\",\"@graph\":[{\"@type\":\"WebPage\",\"@id\":\"https:\/\/www.sudeckakraina.pl\/index.php\/regulamin\/\",\"url\":\"https:\/\/www.sudeckakraina.pl\/index.php\/regulamin\/\",\"name\":\"REGULAMIN | Przewodnik sudecki Karkonosze spacery z lampami naftowymi\",\"isPartOf\":{\"@id\":\"https:\/\/www.sudeckakraina.pl\/#website\"},\"datePublished\":\"2021-03-11T12:45:18+00:00\",\"dateModified\":\"2022-03-26T21:12:14+00:00\",\"breadcrumb\":{\"@id\":\"https:\/\/www.sudeckakraina.pl\/index.php\/regulamin\/#breadcrumb\"},\"inLanguage\":\"pl-PL\",\"potentialAction\":[{\"@type\":\"ReadAction\",\"target\":[\"https:\/\/www.sudeckakraina.pl\/index.php\/regulamin\/\"]}]},{\"@type\":\"BreadcrumbList\",\"@id\":\"https:\/\/www.sudeckakraina.pl\/index.php\/regulamin\/#breadcrumb\",\"itemListElement\":[{\"@type\":\"ListItem\",\"position\":1,\"name\":\"Strona g\u0142\u00f3wna\",\"item\":\"https:\/\/www.sudeckakraina.pl\/\"},{\"@type\":\"ListItem\",\"position\":2,\"name\":\"REGULAMIN\"}]},{\"@type\":\"WebSite\",\"@id\":\"https:\/\/www.sudeckakraina.pl\/#website\",\"url\":\"https:\/\/www.sudeckakraina.pl\/\",\"name\":\"Sudecka Kraina - Karkonosze - przewodnik sudecki - spacery z lampami naftowymi\",\"description\":\"Przewodnik sudecki Karkonosze  spacery z lampami naftowymi\",\"publisher\":{\"@id\":\"https:\/\/www.sudeckakraina.pl\/#organization\"},\"alternateName\":\"Sudecka Kraina Karkonosze - przewodnik sudecki - spacery z lampami naftowymi\",\"potentialAction\":[{\"@type\":\"SearchAction\",\"target\":{\"@type\":\"EntryPoint\",\"urlTemplate\":\"https:\/\/www.sudeckakraina.pl\/?s={search_term_string}\"},\"query-input\":{\"@type\":\"PropertyValueSpecification\",\"valueRequired\":true,\"valueName\":\"search_term_string\"}}],\"inLanguage\":\"pl-PL\"},{\"@type\":\"Organization\",\"@id\":\"https:\/\/www.sudeckakraina.pl\/#organization\",\"name\":\"Sudecka Kraina Karkonosze przewodnik sudecki spacery z lampami naftowymi\",\"alternateName\":\"Sudecka Kraina Karkonosze przewodnik sudecki spacery z lampami naftowymi\",\"url\":\"https:\/\/www.sudeckakraina.pl\/\",\"logo\":{\"@type\":\"ImageObject\",\"inLanguage\":\"pl-PL\",\"@id\":\"https:\/\/www.sudeckakraina.pl\/#\/schema\/logo\/image\/\",\"url\":\"http:\/\/www.sudeckakraina.pl\/wp-content\/uploads\/2020\/01\/logo-bez-t\u0142a-pr\u00f3ba-1-kopia-scaled.jpg\",\"contentUrl\":\"http:\/\/www.sudeckakraina.pl\/wp-content\/uploads\/2020\/01\/logo-bez-t\u0142a-pr\u00f3ba-1-kopia-scaled.jpg\",\"width\":2560,\"height\":2560,\"caption\":\"Sudecka Kraina Karkonosze przewodnik sudecki spacery z lampami naftowymi\"},\"image\":{\"@id\":\"https:\/\/www.sudeckakraina.pl\/#\/schema\/logo\/image\/\"},\"sameAs\":[\"https:\/\/www.facebook.com\/Sudecka.kraina\"]}]}<\/script>\n<!-- \/ Yoast SEO plugin. -->","yoast_head_json":{"title":"REGULAMIN | Przewodnik sudecki Karkonosze spacery z lampami naftowymi","robots":{"index":"index","follow":"follow","max-snippet":"max-snippet:-1","max-image-preview":"max-image-preview:large","max-video-preview":"max-video-preview:-1"},"canonical":"https:\/\/www.sudeckakraina.pl\/index.php\/regulamin\/","og_locale":"pl_PL","og_type":"article","og_title":"REGULAMIN | Przewodnik sudecki Karkonosze spacery z lampami naftowymi","og_description":"REGULAMIN","og_url":"https:\/\/www.sudeckakraina.pl\/index.php\/regulamin\/","og_site_name":"Przewodnik sudecki Karkonosze spacery z lampami naftowymi","article_publisher":"https:\/\/www.facebook.com\/Sudecka.kraina","article_modified_time":"2022-03-26T21:12:14+00:00","og_image":[{"width":723,"height":867,"url":"https:\/\/www.sudeckakraina.pl\/wp-content\/uploads\/2023\/02\/Jaroslaw-Szczyzowski-sudecka-kraina.jpg","type":"image\/jpeg"}],"twitter_card":"summary_large_image","twitter_misc":{"Szacowany czas czytania":"6 minut"},"schema":{"@context":"https:\/\/schema.org","@graph":[{"@type":"WebPage","@id":"https:\/\/www.sudeckakraina.pl\/index.php\/regulamin\/","url":"https:\/\/www.sudeckakraina.pl\/index.php\/regulamin\/","name":"REGULAMIN | Przewodnik sudecki Karkonosze spacery z lampami naftowymi","isPartOf":{"@id":"https:\/\/www.sudeckakraina.pl\/#website"},"datePublished":"2021-03-11T12:45:18+00:00","dateModified":"2022-03-26T21:12:14+00:00","breadcrumb":{"@id":"https:\/\/www.sudeckakraina.pl\/index.php\/regulamin\/#breadcrumb"},"inLanguage":"pl-PL","potentialAction":[{"@type":"ReadAction","target":["https:\/\/www.sudeckakraina.pl\/index.php\/regulamin\/"]}]},{"@type":"BreadcrumbList","@id":"https:\/\/www.sudeckakraina.pl\/index.php\/regulamin\/#breadcrumb","itemListElement":[{"@type":"ListItem","position":1,"name":"Strona g\u0142\u00f3wna","item":"https:\/\/www.sudeckakraina.pl\/"},{"@type":"ListItem","position":2,"name":"REGULAMIN"}]},{"@type":"WebSite","@id":"https:\/\/www.sudeckakraina.pl\/#website","url":"https:\/\/www.sudeckakraina.pl\/","name":"Sudecka Kraina - Karkonosze - przewodnik sudecki - spacery z lampami naftowymi","description":"Przewodnik sudecki Karkonosze  spacery z lampami naftowymi","publisher":{"@id":"https:\/\/www.sudeckakraina.pl\/#organization"},"alternateName":"Sudecka Kraina Karkonosze - przewodnik sudecki - spacery z lampami naftowymi","potentialAction":[{"@type":"SearchAction","target":{"@type":"EntryPoint","urlTemplate":"https:\/\/www.sudeckakraina.pl\/?s={search_term_string}"},"query-input":{"@type":"PropertyValueSpecification","valueRequired":true,"valueName":"search_term_string"}}],"inLanguage":"pl-PL"},{"@type":"Organization","@id":"https:\/\/www.sudeckakraina.pl\/#organization","name":"Sudecka Kraina Karkonosze przewodnik sudecki spacery z lampami naftowymi","alternateName":"Sudecka Kraina Karkonosze przewodnik sudecki spacery z lampami naftowymi","url":"https:\/\/www.sudeckakraina.pl\/","logo":{"@type":"ImageObject","inLanguage":"pl-PL","@id":"https:\/\/www.sudeckakraina.pl\/#\/schema\/logo\/image\/","url":"http:\/\/www.sudeckakraina.pl\/wp-content\/uploads\/2020\/01\/logo-bez-t\u0142a-pr\u00f3ba-1-kopia-scaled.jpg","contentUrl":"http:\/\/www.sudeckakraina.pl\/wp-content\/uploads\/2020\/01\/logo-bez-t\u0142a-pr\u00f3ba-1-kopia-scaled.jpg","width":2560,"height":2560,"caption":"Sudecka Kraina Karkonosze przewodnik sudecki spacery z lampami naftowymi"},"image":{"@id":"https:\/\/www.sudeckakraina.pl\/#\/schema\/logo\/image\/"},"sameAs":["https:\/\/www.facebook.com\/Sudecka.kraina"]}]}},"_links":{"self":[{"href":"https:\/\/www.sudeckakraina.pl\/index.php\/wp-json\/wp\/v2\/pages\/2267","targetHints":{"allow":["GET"]}}],"collection":[{"href":"https:\/\/www.sudeckakraina.pl\/index.php\/wp-json\/wp\/v2\/pages"}],"about":[{"href":"https:\/\/www.sudeckakraina.pl\/index.php\/wp-json\/wp\/v2\/types\/page"}],"author":[{"embeddable":true,"href":"https:\/\/www.sudeckakraina.pl\/index.php\/wp-json\/wp\/v2\/users\/1"}],"replies":[{"embeddable":true,"href":"https:\/\/www.sudeckakraina.pl\/index.php\/wp-json\/wp\/v2\/comments?post=2267"}],"version-history":[{"count":0,"href":"https:\/\/www.sudeckakraina.pl\/index.php\/wp-json\/wp\/v2\/pages\/2267\/revisions"}],"wp:attachment":[{"href":"https:\/\/www.sudeckakraina.pl\/index.php\/wp-json\/wp\/v2\/media?parent=2267"}],"curies":[{"name":"wp","href":"https:\/\/api.w.org\/{rel}","templated":true}]}}