{"id":5037,"date":"2022-03-11T10:48:17","date_gmt":"2022-03-11T09:48:17","guid":{"rendered":"http:\/\/www.sudeckakraina.pl\/?page_id=5037"},"modified":"2023-03-11T15:19:09","modified_gmt":"2023-03-11T14:19:09","slug":"kalendarz-wydarzen","status":"publish","type":"page","link":"https:\/\/www.sudeckakraina.pl\/index.php\/kalendarz-wydarzen\/","title":{"rendered":"KALENDARZ WYDARZE\u0143"},"content":{"rendered":"\t\t<div data-elementor-type=\"wp-page\" data-elementor-id=\"5037\" class=\"elementor elementor-5037\">\n\t\t\t\t\t\t<section class=\"elementor-section elementor-inner-section elementor-element elementor-element-5cbc3b2c elementor-section-content-middle elementor-section-height-min-height elementor-section-boxed elementor-section-height-default\" data-id=\"5cbc3b2c\" data-element_type=\"section\" data-settings=\"{&quot;background_background&quot;:&quot;classic&quot;}\">\n\t\t\t\t\t\t\t<div class=\"elementor-background-overlay\"><\/div>\n\t\t\t\t\t\t\t<div class=\"elementor-container elementor-column-gap-no\">\n\t\t\t\t\t<div class=\"elementor-column elementor-col-100 elementor-inner-column elementor-element elementor-element-298b890e elementor-invisible\" data-id=\"298b890e\" data-element_type=\"column\" data-settings=\"{&quot;animation&quot;:&quot;fadeIn&quot;,&quot;background_background&quot;:&quot;classic&quot;}\">\n\t\t\t<div class=\"elementor-widget-wrap elementor-element-populated\">\n\t\t\t\t\t\t<div class=\"elementor-element elementor-element-2e536555 elementor-widget elementor-widget-text-editor\" data-id=\"2e536555\" data-element_type=\"widget\" data-widget_type=\"text-editor.default\">\n\t\t\t\t<div class=\"elementor-widget-container\">\n\t\t\t\t\t\t\t\t\t<p>Wybierz co\u015b dla siebie!<\/p>\t\t\t\t\t\t\t\t<\/div>\n\t\t\t\t<\/div>\n\t\t\t\t<div class=\"elementor-element elementor-element-5c4a5702 hotel-tmpl-titles elementor-invisible elementor-widget elementor-widget-heading\" data-id=\"5c4a5702\" data-element_type=\"widget\" data-settings=\"{&quot;_animation&quot;:&quot;fadeInUp&quot;,&quot;_animation_delay&quot;:100}\" data-widget_type=\"heading.default\">\n\t\t\t\t<div class=\"elementor-widget-container\">\n\t\t\t\t\t<h3 class=\"elementor-heading-title elementor-size-default\">Kalendarz wydarze\u0144<\/h3>\t\t\t\t<\/div>\n\t\t\t\t<\/div>\n\t\t\t\t\t<\/div>\n\t\t<\/div>\n\t\t\t\t\t<\/div>\n\t\t<\/section>\n\t\t\t\t<section class=\"elementor-section elementor-top-section elementor-element elementor-element-39b45f13 elementor-section-height-min-height elementor-section-boxed elementor-section-height-default elementor-section-items-middle\" data-id=\"39b45f13\" data-element_type=\"section\" data-settings=\"{&quot;background_background&quot;:&quot;classic&quot;}\">\n\t\t\t\t\t\t<div class=\"elementor-container elementor-column-gap-default\">\n\t\t\t\t\t<div class=\"elementor-column elementor-col-50 elementor-top-column elementor-element elementor-element-01a6ffb animated-slow elementor-invisible\" data-id=\"01a6ffb\" data-element_type=\"column\" data-settings=\"{&quot;animation&quot;:&quot;fadeIn&quot;,&quot;background_background&quot;:&quot;classic&quot;}\">\n\t\t\t<div class=\"elementor-widget-wrap elementor-element-populated\">\n\t\t\t\t\t<div class=\"elementor-background-overlay\"><\/div>\n\t\t\t\t\t\t<div class=\"elementor-element elementor-element-e9abc75 animated-slow elementor-invisible elementor-widget elementor-widget-heading\" data-id=\"e9abc75\" data-element_type=\"widget\" data-settings=\"{&quot;_animation&quot;:&quot;fadeIn&quot;}\" data-widget_type=\"heading.default\">\n\t\t\t\t<div class=\"elementor-widget-container\">\n\t\t\t\t\t<h3 class=\"elementor-heading-title elementor-size-default\">Sub Heading<\/h3>\t\t\t\t<\/div>\n\t\t\t\t<\/div>\n\t\t\t\t<div class=\"elementor-element elementor-element-24068d9 animated-slow elementor-invisible elementor-widget elementor-widget-heading\" data-id=\"24068d9\" data-element_type=\"widget\" data-settings=\"{&quot;_animation&quot;:&quot;fadeIn&quot;}\" data-widget_type=\"heading.default\">\n\t\t\t\t<div class=\"elementor-widget-container\">\n\t\t\t\t\t<h1 class=\"elementor-heading-title elementor-size-default\">Main Heading\n\n\n\n<\/h1>\t\t\t\t<\/div>\n\t\t\t\t<\/div>\n\t\t\t\t<div class=\"elementor-element elementor-element-c14e661 animated-slow elementor-invisible elementor-widget elementor-widget-heading\" data-id=\"c14e661\" data-element_type=\"widget\" data-settings=\"{&quot;_animation&quot;:&quot;fadeIn&quot;}\" data-widget_type=\"heading.default\">\n\t\t\t\t<div class=\"elementor-widget-container\">\n\t\t\t\t\t<h2 class=\"elementor-heading-title elementor-size-default\">vivamus ultrices ipsum, commodo vitae.<br><br><br><br><br><br><\/h2>\t\t\t\t<\/div>\n\t\t\t\t<\/div>\n\t\t\t\t<div class=\"elementor-element elementor-element-5a15b6e elementor-invisible elementor-widget elementor-widget-text-editor\" data-id=\"5a15b6e\" data-element_type=\"widget\" data-settings=\"{&quot;_animation&quot;:&quot;fadeIn&quot;}\" data-widget_type=\"text-editor.default\">\n\t\t\t\t<div class=\"elementor-widget-container\">\n\t\t\t\t\t\t\t\t\t<p>Aliquet adipiscing vivamus ultrices ipsum, commodo vitae, elit nec ipsam luctus. Eget non vitae scelerisque eget sapiente libero, lorem nam quis vitae quis morbi, id consequat mauris massa.<\/p>\t\t\t\t\t\t\t\t<\/div>\n\t\t\t\t<\/div>\n\t\t\t\t\t<\/div>\n\t\t<\/div>\n\t\t\t\t<div class=\"elementor-column elementor-col-50 elementor-top-column elementor-element elementor-element-6b5e566 animated-slow elementor-invisible\" data-id=\"6b5e566\" data-element_type=\"column\" data-settings=\"{&quot;animation&quot;:&quot;fadeIn&quot;,&quot;background_background&quot;:&quot;classic&quot;}\">\n\t\t\t<div class=\"elementor-widget-wrap elementor-element-populated\">\n\t\t\t\t\t<div class=\"elementor-background-overlay\"><\/div>\n\t\t\t\t\t\t<div class=\"elementor-element elementor-element-5137d82 animated-slow elementor-invisible elementor-widget elementor-widget-heading\" data-id=\"5137d82\" data-element_type=\"widget\" data-settings=\"{&quot;_animation&quot;:&quot;fadeIn&quot;}\" data-widget_type=\"heading.default\">\n\t\t\t\t<div class=\"elementor-widget-container\">\n\t\t\t\t\t<h3 class=\"elementor-heading-title elementor-size-default\">Sub Heading<\/h3>\t\t\t\t<\/div>\n\t\t\t\t<\/div>\n\t\t\t\t<div class=\"elementor-element elementor-element-523479f animated-slow elementor-invisible elementor-widget elementor-widget-heading\" data-id=\"523479f\" data-element_type=\"widget\" data-settings=\"{&quot;_animation&quot;:&quot;fadeIn&quot;}\" data-widget_type=\"heading.default\">\n\t\t\t\t<div class=\"elementor-widget-container\">\n\t\t\t\t\t<h1 class=\"elementor-heading-title elementor-size-default\">Main Heading\n\n\n\n<\/h1>\t\t\t\t<\/div>\n\t\t\t\t<\/div>\n\t\t\t\t<div class=\"elementor-element elementor-element-c454dbc animated-slow elementor-invisible elementor-widget elementor-widget-heading\" data-id=\"c454dbc\" data-element_type=\"widget\" data-settings=\"{&quot;_animation&quot;:&quot;fadeIn&quot;}\" data-widget_type=\"heading.default\">\n\t\t\t\t<div class=\"elementor-widget-container\">\n\t\t\t\t\t<h2 class=\"elementor-heading-title elementor-size-default\">vivamus ultrices ipsum, commodo vitae.<br><br><br><br><br><br><\/h2>\t\t\t\t<\/div>\n\t\t\t\t<\/div>\n\t\t\t\t<div class=\"elementor-element elementor-element-4c2be7b elementor-invisible elementor-widget elementor-widget-text-editor\" data-id=\"4c2be7b\" data-element_type=\"widget\" data-settings=\"{&quot;_animation&quot;:&quot;fadeIn&quot;}\" data-widget_type=\"text-editor.default\">\n\t\t\t\t<div class=\"elementor-widget-container\">\n\t\t\t\t\t\t\t\t\t<p>Aliquet adipiscing vivamus ultrices ipsum, commodo vitae, elit nec ipsam luctus. Eget non vitae scelerisque eget sapiente libero, lorem nam quis vitae quis morbi, id consequat mauris massa.<\/p>\t\t\t\t\t\t\t\t<\/div>\n\t\t\t\t<\/div>\n\t\t\t\t\t<\/div>\n\t\t<\/div>\n\t\t\t\t\t<\/div>\n\t\t<\/section>\n\t\t\t\t<section class=\"elementor-section elementor-top-section elementor-element elementor-element-18306920 elementor-section-content-middle elementor-section-stretched elementor-section-height-min-height elementor-section-items-stretch elementor-section-boxed elementor-section-height-default\" data-id=\"18306920\" data-element_type=\"section\" data-settings=\"{&quot;background_background&quot;:&quot;classic&quot;,&quot;stretch_section&quot;:&quot;section-stretched&quot;}\">\n\t\t\t\t\t\t\t<div class=\"elementor-background-overlay\"><\/div>\n\t\t\t\t\t\t\t<div class=\"elementor-container elementor-column-gap-default\">\n\t\t\t\t\t<div class=\"elementor-column elementor-col-100 elementor-top-column elementor-element elementor-element-57612ad3\" data-id=\"57612ad3\" data-element_type=\"column\" data-settings=\"{&quot;background_background&quot;:&quot;classic&quot;}\">\n\t\t\t<div class=\"elementor-widget-wrap elementor-element-populated\">\n\t\t\t\t\t<div class=\"elementor-background-overlay\"><\/div>\n\t\t\t\t\t\t<div class=\"elementor-element elementor-element-466f5ff5 elementor-widget elementor-widget-heading\" data-id=\"466f5ff5\" data-element_type=\"widget\" data-widget_type=\"heading.default\">\n\t\t\t\t<div class=\"elementor-widget-container\">\n\t\t\t\t\t<h2 class=\"elementor-heading-title elementor-size-default\">Zapisy na wydarzenia<\/h2>\t\t\t\t<\/div>\n\t\t\t\t<\/div>\n\t\t\t\t<div class=\"elementor-element elementor-element-742ef19c elementor-widget-divider--view-line elementor-widget elementor-widget-divider\" data-id=\"742ef19c\" data-element_type=\"widget\" data-widget_type=\"divider.default\">\n\t\t\t\t<div class=\"elementor-widget-container\">\n\t\t\t\t\t\t\t<div class=\"elementor-divider\">\n\t\t\t<span class=\"elementor-divider-separator\">\n\t\t\t\t\t\t<\/span>\n\t\t<\/div>\n\t\t\t\t\t\t<\/div>\n\t\t\t\t<\/div>\n\t\t\t\t<div class=\"elementor-element elementor-element-7accdaa8 elementor-widget elementor-widget-text-editor\" data-id=\"7accdaa8\" data-element_type=\"widget\" data-widget_type=\"text-editor.default\">\n\t\t\t\t<div class=\"elementor-widget-container\">\n\t\t\t\t\t\t\t\t\t<p>Wydarzenia z kalendarza s\u0105 dost\u0119pne dla turyst\u00f3w indywidualnych. Aby przygotowa\u0107 odpowiedni\u0105 ilo\u015b\u0107 lamp naftowych i przewodnik\u00f3w wymagane s\u0105 zapisy na maila sudeckakraina@o2.pl<\/p>\t\t\t\t\t\t\t\t<\/div>\n\t\t\t\t<\/div>\n\t\t\t\t<div class=\"elementor-element elementor-element-1d334a60 elementor-tablet-align-center elementor-align-center elementor-widget elementor-widget-button\" data-id=\"1d334a60\" data-element_type=\"widget\" data-widget_type=\"button.default\">\n\t\t\t\t<div class=\"elementor-widget-container\">\n\t\t\t\t\t\t\t\t\t<div class=\"elementor-button-wrapper\">\n\t\t\t\t\t<a class=\"elementor-button elementor-button-link elementor-size-md\" href=\"http:\/\/www.sudeckakraina.pl\/index.php\/wyslij-wiadomosc\/\">\n\t\t\t\t\t\t<span class=\"elementor-button-content-wrapper\">\n\t\t\t\t\t\t\t\t\t<span class=\"elementor-button-text\">PRZEJD\u0179 DO FORMULARZA ZAPIS\u00d3W<\/span>\n\t\t\t\t\t<\/span>\n\t\t\t\t\t<\/a>\n\t\t\t\t<\/div>\n\t\t\t\t\t\t\t\t<\/div>\n\t\t\t\t<\/div>\n\t\t\t\t\t<\/div>\n\t\t<\/div>\n\t\t\t\t\t<\/div>\n\t\t<\/section>\n\t\t\t\t<\/div>\n\t\t","protected":false},"excerpt":{"rendered":"<p>Wybierz co\u015b dla siebie! Kalendarz wydarze\u0144 Sub Heading Main Heading vivamus ultrices ipsum, commodo vitae. Aliquet adipiscing vivamus ultrices ipsum, commodo vitae, elit nec ipsam luctus. Eget non vitae scelerisque eget sapiente libero, lorem nam quis vitae quis morbi, id consequat mauris massa. Sub Heading Main Heading vivamus ultrices ipsum, commodo vitae. Aliquet adipiscing vivamus [&hellip;]<\/p>\n","protected":false},"author":1,"featured_media":0,"parent":0,"menu_order":0,"comment_status":"closed","ping_status":"closed","template":"elementor_header_footer","meta":{"_acf_changed":false,"_monsterinsights_skip_tracking":false,"_monsterinsights_sitenote_active":false,"_monsterinsights_sitenote_note":"","_monsterinsights_sitenote_category":0,"site-sidebar-layout":"no-sidebar","site-content-layout":"page-builder","ast-site-content-layout":"","site-content-style":"default","site-sidebar-style":"default","ast-global-header-display":"","ast-banner-title-visibility":"","ast-main-header-display":"","ast-hfb-above-header-display":"","ast-hfb-below-header-display":"","ast-hfb-mobile-header-display":"","site-post-title":"disabled","ast-breadcrumbs-content":"","ast-featured-img":"disabled","footer-sml-layout":"","theme-transparent-header-meta":"default","adv-header-id-meta":"","stick-header-meta":"","header-above-stick-meta":"","header-main-stick-meta":"","header-below-stick-meta":"","astra-migrate-meta-layouts":"default","ast-page-background-enabled":"default","ast-page-background-meta":{"desktop":{"background-color":"var(--ast-global-color-4)","background-image":"","background-repeat":"repeat","background-position":"center center","background-size":"auto","background-attachment":"scroll","background-type":"","background-media":"","overlay-type":"","overlay-color":"","overlay-opacity":"","overlay-gradient":""},"tablet":{"background-color":"","background-image":"","background-repeat":"repeat","background-position":"center center","background-size":"auto","background-attachment":"scroll","background-type":"","background-media":"","overlay-type":"","overlay-color":"","overlay-opacity":"","overlay-gradient":""},"mobile":{"background-color":"","background-image":"","background-repeat":"repeat","background-position":"center center","background-size":"auto","background-attachment":"scroll","background-type":"","background-media":"","overlay-type":"","overlay-color":"","overlay-opacity":"","overlay-gradient":""}},"ast-content-background-meta":{"desktop":{"background-color":"var(--ast-global-color-5)","background-image":"","background-repeat":"repeat","background-position":"center center","background-size":"auto","background-attachment":"scroll","background-type":"","background-media":"","overlay-type":"","overlay-color":"","overlay-opacity":"","overlay-gradient":""},"tablet":{"background-color":"var(--ast-global-color-5)","background-image":"","background-repeat":"repeat","background-position":"center center","background-size":"auto","background-attachment":"scroll","background-type":"","background-media":"","overlay-type":"","overlay-color":"","overlay-opacity":"","overlay-gradient":""},"mobile":{"background-color":"var(--ast-global-color-5)","background-image":"","background-repeat":"repeat","background-position":"center center","background-size":"auto","background-attachment":"scroll","background-type":"","background-media":"","overlay-type":"","overlay-color":"","overlay-opacity":"","overlay-gradient":""}},"footnotes":""},"class_list":["post-5037","page","type-page","status-publish","hentry"],"acf":[],"yoast_head":"<!-- This site is optimized with the Yoast SEO plugin v24.3 - https:\/\/yoast.com\/wordpress\/plugins\/seo\/ -->\n<title>KALENDARZ WYDARZE\u0143 | Przewodnik sudecki Karkonosze spacery z lampami naftowymi<\/title>\n<meta name=\"robots\" content=\"index, follow, max-snippet:-1, max-image-preview:large, max-video-preview:-1\" \/>\n<link rel=\"canonical\" href=\"https:\/\/www.sudeckakraina.pl\/index.php\/kalendarz-wydarzen\/\" \/>\n<meta property=\"og:locale\" content=\"pl_PL\" \/>\n<meta property=\"og:type\" content=\"article\" \/>\n<meta property=\"og:title\" content=\"KALENDARZ WYDARZE\u0143 | Przewodnik sudecki Karkonosze spacery z lampami naftowymi\" \/>\n<meta property=\"og:description\" content=\"Wybierz co\u015b dla siebie! Kalendarz wydarze\u0144 Sub Heading Main Heading vivamus ultrices ipsum, commodo vitae. Aliquet adipiscing vivamus ultrices ipsum, commodo vitae, elit nec ipsam luctus. Eget non vitae scelerisque eget sapiente libero, lorem nam quis vitae quis morbi, id consequat mauris massa. Sub Heading Main Heading vivamus ultrices ipsum, commodo vitae. Aliquet adipiscing vivamus [&hellip;]\" \/>\n<meta property=\"og:url\" content=\"https:\/\/www.sudeckakraina.pl\/index.php\/kalendarz-wydarzen\/\" \/>\n<meta property=\"og:site_name\" content=\"Przewodnik sudecki Karkonosze spacery z lampami naftowymi\" \/>\n<meta property=\"article:publisher\" content=\"https:\/\/www.facebook.com\/Sudecka.kraina\" \/>\n<meta property=\"article:modified_time\" content=\"2023-03-11T14:19:09+00:00\" \/>\n<meta property=\"og:image\" content=\"https:\/\/www.sudeckakraina.pl\/wp-content\/uploads\/2023\/02\/Jaroslaw-Szczyzowski-sudecka-kraina.jpg\" \/>\n\t<meta property=\"og:image:width\" content=\"723\" \/>\n\t<meta property=\"og:image:height\" content=\"867\" \/>\n\t<meta property=\"og:image:type\" content=\"image\/jpeg\" \/>\n<meta name=\"twitter:card\" content=\"summary_large_image\" \/>\n<meta name=\"twitter:label1\" content=\"Szacowany czas czytania\" \/>\n\t<meta name=\"twitter:data1\" content=\"1 minuta\" \/>\n<script type=\"application\/ld+json\" class=\"yoast-schema-graph\">{\"@context\":\"https:\/\/schema.org\",\"@graph\":[{\"@type\":\"WebPage\",\"@id\":\"https:\/\/www.sudeckakraina.pl\/index.php\/kalendarz-wydarzen\/\",\"url\":\"https:\/\/www.sudeckakraina.pl\/index.php\/kalendarz-wydarzen\/\",\"name\":\"KALENDARZ WYDARZE\u0143 | Przewodnik sudecki Karkonosze spacery z lampami naftowymi\",\"isPartOf\":{\"@id\":\"https:\/\/www.sudeckakraina.pl\/#website\"},\"datePublished\":\"2022-03-11T09:48:17+00:00\",\"dateModified\":\"2023-03-11T14:19:09+00:00\",\"breadcrumb\":{\"@id\":\"https:\/\/www.sudeckakraina.pl\/index.php\/kalendarz-wydarzen\/#breadcrumb\"},\"inLanguage\":\"pl-PL\",\"potentialAction\":[{\"@type\":\"ReadAction\",\"target\":[\"https:\/\/www.sudeckakraina.pl\/index.php\/kalendarz-wydarzen\/\"]}]},{\"@type\":\"BreadcrumbList\",\"@id\":\"https:\/\/www.sudeckakraina.pl\/index.php\/kalendarz-wydarzen\/#breadcrumb\",\"itemListElement\":[{\"@type\":\"ListItem\",\"position\":1,\"name\":\"Strona g\u0142\u00f3wna\",\"item\":\"https:\/\/www.sudeckakraina.pl\/\"},{\"@type\":\"ListItem\",\"position\":2,\"name\":\"KALENDARZ WYDARZE\u0143\"}]},{\"@type\":\"WebSite\",\"@id\":\"https:\/\/www.sudeckakraina.pl\/#website\",\"url\":\"https:\/\/www.sudeckakraina.pl\/\",\"name\":\"Sudecka Kraina - Karkonosze - przewodnik sudecki - spacery z lampami naftowymi\",\"description\":\"Przewodnik sudecki Karkonosze  spacery z lampami naftowymi\",\"publisher\":{\"@id\":\"https:\/\/www.sudeckakraina.pl\/#organization\"},\"alternateName\":\"Sudecka Kraina Karkonosze - przewodnik sudecki - spacery z lampami naftowymi\",\"potentialAction\":[{\"@type\":\"SearchAction\",\"target\":{\"@type\":\"EntryPoint\",\"urlTemplate\":\"https:\/\/www.sudeckakraina.pl\/?s={search_term_string}\"},\"query-input\":{\"@type\":\"PropertyValueSpecification\",\"valueRequired\":true,\"valueName\":\"search_term_string\"}}],\"inLanguage\":\"pl-PL\"},{\"@type\":\"Organization\",\"@id\":\"https:\/\/www.sudeckakraina.pl\/#organization\",\"name\":\"Sudecka Kraina Karkonosze przewodnik sudecki spacery z lampami naftowymi\",\"alternateName\":\"Sudecka Kraina Karkonosze przewodnik sudecki spacery z lampami naftowymi\",\"url\":\"https:\/\/www.sudeckakraina.pl\/\",\"logo\":{\"@type\":\"ImageObject\",\"inLanguage\":\"pl-PL\",\"@id\":\"https:\/\/www.sudeckakraina.pl\/#\/schema\/logo\/image\/\",\"url\":\"http:\/\/www.sudeckakraina.pl\/wp-content\/uploads\/2020\/01\/logo-bez-t\u0142a-pr\u00f3ba-1-kopia-scaled.jpg\",\"contentUrl\":\"http:\/\/www.sudeckakraina.pl\/wp-content\/uploads\/2020\/01\/logo-bez-t\u0142a-pr\u00f3ba-1-kopia-scaled.jpg\",\"width\":2560,\"height\":2560,\"caption\":\"Sudecka Kraina Karkonosze przewodnik sudecki spacery z lampami naftowymi\"},\"image\":{\"@id\":\"https:\/\/www.sudeckakraina.pl\/#\/schema\/logo\/image\/\"},\"sameAs\":[\"https:\/\/www.facebook.com\/Sudecka.kraina\"]}]}<\/script>\n<!-- \/ Yoast SEO plugin. -->","yoast_head_json":{"title":"KALENDARZ WYDARZE\u0143 | Przewodnik sudecki Karkonosze spacery z lampami naftowymi","robots":{"index":"index","follow":"follow","max-snippet":"max-snippet:-1","max-image-preview":"max-image-preview:large","max-video-preview":"max-video-preview:-1"},"canonical":"https:\/\/www.sudeckakraina.pl\/index.php\/kalendarz-wydarzen\/","og_locale":"pl_PL","og_type":"article","og_title":"KALENDARZ WYDARZE\u0143 | Przewodnik sudecki Karkonosze spacery z lampami naftowymi","og_description":"Wybierz co\u015b dla siebie! Kalendarz wydarze\u0144 Sub Heading Main Heading vivamus ultrices ipsum, commodo vitae. Aliquet adipiscing vivamus ultrices ipsum, commodo vitae, elit nec ipsam luctus. Eget non vitae scelerisque eget sapiente libero, lorem nam quis vitae quis morbi, id consequat mauris massa. Sub Heading Main Heading vivamus ultrices ipsum, commodo vitae. Aliquet adipiscing vivamus [&hellip;]","og_url":"https:\/\/www.sudeckakraina.pl\/index.php\/kalendarz-wydarzen\/","og_site_name":"Przewodnik sudecki Karkonosze spacery z lampami naftowymi","article_publisher":"https:\/\/www.facebook.com\/Sudecka.kraina","article_modified_time":"2023-03-11T14:19:09+00:00","og_image":[{"width":723,"height":867,"url":"https:\/\/www.sudeckakraina.pl\/wp-content\/uploads\/2023\/02\/Jaroslaw-Szczyzowski-sudecka-kraina.jpg","type":"image\/jpeg"}],"twitter_card":"summary_large_image","twitter_misc":{"Szacowany czas czytania":"1 minuta"},"schema":{"@context":"https:\/\/schema.org","@graph":[{"@type":"WebPage","@id":"https:\/\/www.sudeckakraina.pl\/index.php\/kalendarz-wydarzen\/","url":"https:\/\/www.sudeckakraina.pl\/index.php\/kalendarz-wydarzen\/","name":"KALENDARZ WYDARZE\u0143 | Przewodnik sudecki Karkonosze spacery z lampami naftowymi","isPartOf":{"@id":"https:\/\/www.sudeckakraina.pl\/#website"},"datePublished":"2022-03-11T09:48:17+00:00","dateModified":"2023-03-11T14:19:09+00:00","breadcrumb":{"@id":"https:\/\/www.sudeckakraina.pl\/index.php\/kalendarz-wydarzen\/#breadcrumb"},"inLanguage":"pl-PL","potentialAction":[{"@type":"ReadAction","target":["https:\/\/www.sudeckakraina.pl\/index.php\/kalendarz-wydarzen\/"]}]},{"@type":"BreadcrumbList","@id":"https:\/\/www.sudeckakraina.pl\/index.php\/kalendarz-wydarzen\/#breadcrumb","itemListElement":[{"@type":"ListItem","position":1,"name":"Strona g\u0142\u00f3wna","item":"https:\/\/www.sudeckakraina.pl\/"},{"@type":"ListItem","position":2,"name":"KALENDARZ WYDARZE\u0143"}]},{"@type":"WebSite","@id":"https:\/\/www.sudeckakraina.pl\/#website","url":"https:\/\/www.sudeckakraina.pl\/","name":"Sudecka Kraina - Karkonosze - przewodnik sudecki - spacery z lampami naftowymi","description":"Przewodnik sudecki Karkonosze  spacery z lampami naftowymi","publisher":{"@id":"https:\/\/www.sudeckakraina.pl\/#organization"},"alternateName":"Sudecka Kraina Karkonosze - przewodnik sudecki - spacery z lampami naftowymi","potentialAction":[{"@type":"SearchAction","target":{"@type":"EntryPoint","urlTemplate":"https:\/\/www.sudeckakraina.pl\/?s={search_term_string}"},"query-input":{"@type":"PropertyValueSpecification","valueRequired":true,"valueName":"search_term_string"}}],"inLanguage":"pl-PL"},{"@type":"Organization","@id":"https:\/\/www.sudeckakraina.pl\/#organization","name":"Sudecka Kraina Karkonosze przewodnik sudecki spacery z lampami naftowymi","alternateName":"Sudecka Kraina Karkonosze przewodnik sudecki spacery z lampami naftowymi","url":"https:\/\/www.sudeckakraina.pl\/","logo":{"@type":"ImageObject","inLanguage":"pl-PL","@id":"https:\/\/www.sudeckakraina.pl\/#\/schema\/logo\/image\/","url":"http:\/\/www.sudeckakraina.pl\/wp-content\/uploads\/2020\/01\/logo-bez-t\u0142a-pr\u00f3ba-1-kopia-scaled.jpg","contentUrl":"http:\/\/www.sudeckakraina.pl\/wp-content\/uploads\/2020\/01\/logo-bez-t\u0142a-pr\u00f3ba-1-kopia-scaled.jpg","width":2560,"height":2560,"caption":"Sudecka Kraina Karkonosze przewodnik sudecki spacery z lampami naftowymi"},"image":{"@id":"https:\/\/www.sudeckakraina.pl\/#\/schema\/logo\/image\/"},"sameAs":["https:\/\/www.facebook.com\/Sudecka.kraina"]}]}},"_links":{"self":[{"href":"https:\/\/www.sudeckakraina.pl\/index.php\/wp-json\/wp\/v2\/pages\/5037","targetHints":{"allow":["GET"]}}],"collection":[{"href":"https:\/\/www.sudeckakraina.pl\/index.php\/wp-json\/wp\/v2\/pages"}],"about":[{"href":"https:\/\/www.sudeckakraina.pl\/index.php\/wp-json\/wp\/v2\/types\/page"}],"author":[{"embeddable":true,"href":"https:\/\/www.sudeckakraina.pl\/index.php\/wp-json\/wp\/v2\/users\/1"}],"replies":[{"embeddable":true,"href":"https:\/\/www.sudeckakraina.pl\/index.php\/wp-json\/wp\/v2\/comments?post=5037"}],"version-history":[{"count":0,"href":"https:\/\/www.sudeckakraina.pl\/index.php\/wp-json\/wp\/v2\/pages\/5037\/revisions"}],"wp:attachment":[{"href":"https:\/\/www.sudeckakraina.pl\/index.php\/wp-json\/wp\/v2\/media?parent=5037"}],"curies":[{"name":"wp","href":"https:\/\/api.w.org\/{rel}","templated":true}]}}